{"id":3973,"date":"2021-10-20T16:02:19","date_gmt":"2021-10-20T16:02:19","guid":{"rendered":"https:\/\/aseguramientodelacalidad.ufpso.edu.co\/?page_id=3973"},"modified":"2025-09-18T16:34:43","modified_gmt":"2025-09-18T16:34:43","slug":"condiciones-institucionales-de-calidad","status":"publish","type":"page","link":"https:\/\/aseguramientodelacalidad.ufpso.edu.co\/?page_id=3973","title":{"rendered":"Sistema Interno de Aseguramiento de la Calidad"},"content":{"rendered":"\n<p>El SIAC es un conjunto articulado de pol\u00edticas, procesos, mecanismo y herramientas que permiten a la universidad garantizar, mejorar y evaluar la calidad de sus funciones misionales, fortaleciendo sus procesos acad\u00e9micos, administrativos y financieros orientado a la autorregulaci\u00f3n y mejora continua.<\/p>\n\n\n<div class=\"wp-block-image\">\n<figure class=\"aligncenter size-large is-resized\"><img loading=\"lazy\" decoding=\"async\" width=\"1024\" height=\"725\" src=\"https:\/\/aseguramientodelacalidad.ufpso.edu.co\/wp-content\/uploads\/2025\/09\/cc-1024x725.png\" alt=\"\" class=\"wp-image-4102\" style=\"width:479px;height:auto\" srcset=\"https:\/\/aseguramientodelacalidad.ufpso.edu.co\/wp-content\/uploads\/2025\/09\/cc-1024x725.png 1024w, https:\/\/aseguramientodelacalidad.ufpso.edu.co\/wp-content\/uploads\/2025\/09\/cc-300x213.png 300w, https:\/\/aseguramientodelacalidad.ufpso.edu.co\/wp-content\/uploads\/2025\/09\/cc-768x544.png 768w, https:\/\/aseguramientodelacalidad.ufpso.edu.co\/wp-content\/uploads\/2025\/09\/cc.png 1351w\" sizes=\"auto, (max-width: 1024px) 100vw, 1024px\" \/><figcaption class=\"wp-element-caption\"><em>Articulaci\u00f3n del SIAG <\/em><\/figcaption><\/figure><\/div>\n\n\n<h3 class=\"wp-block-heading\"><strong>Condiciones Institucionales de Calidad<\/strong><\/h3>\n\n\n\n<p>En el marco del SIAC, bajo el liderazgo de la oficina de Autoevaluaci\u00f3n y Acreditaci\u00f3n Institucional, la Universidad Francisco de Paula Santander seccional Oca\u00f1a, en articulaci\u00f3n con cada una de las dependencias institucionales, fortaleci\u00f3 las condiciones institucionales de calidad seg\u00fan lo estipulado en el Decreto 1330 de 2019 y la Resoluci\u00f3n 015224 de 2020.<\/p>\n\n\n\n<hr class=\"wp-block-separator has-alpha-channel-opacity\"\/>\n\n\n\n<!--more-->\n\n\n\n<div class=\"wp-block-buttons is-layout-flex wp-block-buttons-is-layout-flex\">\n<div class=\"wp-block-button has-custom-width wp-block-button__width-100 is-style-secondary\"><a class=\"wp-block-button__link has-nv-site-bg-color has-nv-c-2-background-color has-text-color has-background has-link-color wp-element-button\" href=\"https:\/\/aseguramientodelacalidad.ufpso.edu.co\/?page_id=4171\" style=\"border-radius:0px\"><strong>AUTOEVALUACI\u00d3N PERMANENTE<\/strong><\/a><\/div>\n<\/div>\n\n\n\n<p><\/p>\n","protected":false},"excerpt":{"rendered":"<p>El SIAC es un conjunto articulado de pol\u00edticas, procesos, mecanismo y herramientas que permiten a la universidad garantizar, mejorar y evaluar la calidad de sus funciones misionales, fortaleciendo sus procesos acad\u00e9micos, administrativos y financieros orientado a la autorregulaci\u00f3n y mejora continua. Condiciones Institucionales de Calidad En el marco del SIAC, bajo el liderazgo de la&hellip;&nbsp;<a href=\"https:\/\/aseguramientodelacalidad.ufpso.edu.co\/?page_id=3973\" class=\"\" rel=\"bookmark\">Read More &raquo;<span class=\"screen-reader-text\">Sistema Interno de Aseguramiento de la Calidad<\/span><\/a><\/p>\n","protected":false},"author":1,"featured_media":0,"parent":0,"menu_order":0,"comment_status":"closed","ping_status":"closed","template":"","meta":{"neve_meta_sidebar":"full-width","neve_meta_container":"","neve_meta_enable_content_width":"on","neve_meta_content_width":100,"neve_meta_title_alignment":"","neve_meta_author_avatar":"","neve_post_elements_order":"","neve_meta_disable_header":"","neve_meta_disable_footer":"","neve_meta_disable_title":"","footnotes":""},"class_list":["post-3973","page","type-page","status-publish","hentry"],"_links":{"self":[{"href":"https:\/\/aseguramientodelacalidad.ufpso.edu.co\/index.php?rest_route=\/wp\/v2\/pages\/3973","targetHints":{"allow":["GET"]}}],"collection":[{"href":"https:\/\/aseguramientodelacalidad.ufpso.edu.co\/index.php?rest_route=\/wp\/v2\/pages"}],"about":[{"href":"https:\/\/aseguramientodelacalidad.ufpso.edu.co\/index.php?rest_route=\/wp\/v2\/types\/page"}],"author":[{"embeddable":true,"href":"https:\/\/aseguramientodelacalidad.ufpso.edu.co\/index.php?rest_route=\/wp\/v2\/users\/1"}],"replies":[{"embeddable":true,"href":"https:\/\/aseguramientodelacalidad.ufpso.edu.co\/index.php?rest_route=%2Fwp%2Fv2%2Fcomments&post=3973"}],"version-history":[{"count":9,"href":"https:\/\/aseguramientodelacalidad.ufpso.edu.co\/index.php?rest_route=\/wp\/v2\/pages\/3973\/revisions"}],"predecessor-version":[{"id":4279,"href":"https:\/\/aseguramientodelacalidad.ufpso.edu.co\/index.php?rest_route=\/wp\/v2\/pages\/3973\/revisions\/4279"}],"wp:attachment":[{"href":"https:\/\/aseguramientodelacalidad.ufpso.edu.co\/index.php?rest_route=%2Fwp%2Fv2%2Fmedia&parent=3973"}],"curies":[{"name":"wp","href":"https:\/\/api.w.org\/{rel}","templated":true}]}}